- (-2443)/3. Let l = x + -440. What are the prime factors of l?
2, 11, 17
List the prime factors of 3063 + ((-294)/77 - 14/77).
7, 19, 23
Let k(y) = -2. Let q(x) = -28*x + 6. Let c(b) = 10*k(b) - q(b). What are the prime factors of c(20)?
2, 3, 89
Let h(d) = d**3 - 6*d**2 - 16*d - 620. Let y(j) = j**3 - 7*j**2 - 19*j - 619. Let f(i) = -5*h(i) + 4*y(i). List the prime factors of f(0).
2, 3, 13
Suppose 5*j = -4*o + 303270, 102*j + 2*o - 303260 = 97*j. List the prime factors of j.
2, 5, 1213
Let f(y) = 9*y + 1712. What are the prime factors of f(30)?
2, 991
Let s be 1/(-2)*(-508)/1*1. Let l = -1 + s. What are the prime factors of l?
11, 23
Let j(s) = s**2 + 14*s + 476. List the prime factors of j(-30).
2, 239
Suppose -11*h - 5*h + 22640 = 0. Suppose 5*a - 3*k - 7131 = 0, 1450 + h = 2*a + 3*k. Suppose a + 489 = 9*m. What are the prime factors of m?
3, 71
Let p(k) = -k**3 + 4*k**2 - 2*k + 6. Let q be p(2). Suppose q*l = 1307 - 97. What are the prime factors of (l/2)/(18/4 - 4)?
11
Suppose 0*w - 456 = -12*w. Suppose -3*r + 0 = 4*a - 7, 0 = -2*r + 4*a + w. Suppose 0 = r*b - 11*b + 80. What are the prime factors of b?
2, 5
Let a(i) = -i**3 + 48*i**2 - 57*i - 77. What are the prime factors of a(40)?
3, 59
Suppose -112*n - 147 = -115*n. Suppose -4*p + y = -18 - 10, -p - 5*y = -7. What are the prime factors of (p/(n/18))/((-27)/(-2016))?
2, 3
Let s(k) be the second derivative of k**4/12 + k**3 + 5*k**2 - 2*k. Let f be s(-4). Let c(n) = 17*n**2 - 5*n + 4. What are the prime factors of c(f)?
2, 31
Let o(w) = -w**3 + 29*w**2 + 20*w - 24. Let n be o(16). Suppose -n = -3*k - 3*c, 2*k = -12*c + 9*c + 2416. What are the prime factors of k?
2, 151
Suppose 12 = -5*j + t, 0 = -6*t + 2*t - 12. Let p be j/12 + ((-294)/(-8))/7. Suppose 556 = p*w - 3*z, 5*w + z + z - 571 = 0. List the prime factors of w.
113
Suppose -9*p + 5*p + 72 = 0. List the prime factors of 3*((-1356)/p)/(-2).
113
Let h = -3236 - -3827. List the prime factors of h.
3, 197
Let f(s) = -797*s**2 - 5*s - 2. Let g be f(-1). Let n = 1154 + g. List the prime factors of n.
2, 3, 5
Let j = 196 + 56. Suppose -3*g - s = -763, 0*g + 2*s = g - j. List the prime factors of g.
2, 127
Let w(m) be the second derivative of -m**5/4 - 2*m**4/3 + 4*m**3/3 + 5*m**2 - 11*m - 5. What are the prime factors of w(-6)?
2, 13, 29
Suppose -15*v = -9*v - 1266. Let l = v - -165. What are the prime factors of l?
2, 47
Let x = -180 - -180. Suppose x = 4*m - 136 - 884. List the prime factors of m.
3, 5, 17
Suppose 48 - 52 = -l. Suppose 12*d = 8*d - 20. What are the prime factors of -185*d/50 + 2/l?
19
List the prime factors of 9/((-63)/(-8)) - (-6583808)/196.
2, 13, 17, 19
Let u(a) be the second derivative of -7*a**3 + 0 + 46*a - 1/12*a**4 - 3*a**2. List the prime factors of u(-32).
2, 157
Let o(z) = 126*z**2 - 893*z - 38. What are the prime factors of o(15)?
7, 2131
Let j(m) = 785*m**3 + 2*m**2 - 131*m + 522. List the prime factors of j(4).
2, 5, 11, 457
Suppose -56*a + 36*a + 80 = 0. Suppose 27*d - 25*d = -a*u + 1934, -4*d = 3*u - 3863. What are the prime factors of d?
5, 193
Let j(q) = -6*q**3 + 270*q**2 + 69*q + 33. What are the prime factors of j(43)?
2, 3, 2099
Let l = -175 - -258. Suppose -4*h = -4, 4*h + 0*h = -3*f - l. Let o = f + 94. What are the prime factors of o?
5, 13
Suppose -4*b - 1118 = -7398. What are the prime factors of b?
2, 5, 157
Suppose 4*d = -61 + 73. Suppose 0 = -0*z - z + 5*a + 556, -2*z + d*a = -1098. What are the prime factors of z?
2, 3, 7, 13
Suppose -2*v - 109498 = -5*m, -24*m - 4*v = -14*m - 219044. What are the prime factors of m?
2, 47, 233
Let c = -7528 - -12402. What are the prime factors of c?
2, 2437
Let u(x) = x + 4*x + 41*x**2 - x + 9 - 5*x. What are the prime factors of u(5)?
3, 7
Suppose 359*q = 8112161 + 10678976. What are the prime factors of q?
17, 3079
Let i be 1 + (-2)/(-11) + (-60)/(-33). Suppose 643 + 125 = i*w + 3*k, w - 265 = -4*k. What are the prime factors of w?
11, 23
Let a = -65 + 91. Suppose 0 = 12*n - 13*n + 18. Suppose 4*g - n = a. What are the prime factors of g?
11
Let r = 4598 + -4596. Let a(y) = 96*y**2 - 14*y - 5. Let k(d) = -32*d**2 + 5*d + 2. Let j(h) = 3*a(h) + 8*k(h). What are the prime factors of j(r)?
5
List the prime factors of 2/(-26) - (-1596108)/598.
17, 157
Let f be (-4)/2*50/(-20). Suppose 5*n = -f*t + 300, 0*n + n = -5*t + 80. Let g = n + -19. What are the prime factors of g?
2, 3
Let y = 20710 + -230. What are the prime factors of y?
2, 5
Suppose -2*u + 772 = -3*f, 2*f + u - 127 = -644. Let v = f - -457. List the prime factors of v.
199
Suppose -5*l - 4*w - 8 = -6*l, 0 = -5*w - 5. Let m(q) = 10*q**3 - 4*q**2 + 16*q - 6. List the prime factors of m(l).
2, 317
Let w = -15247 + 45204. List the prime factors of w.
29, 1033
Let n(q) = 13*q + 7. Suppose -k + 48 = 4*i + 4*k, -26 = -2*i - 2*k. Suppose -3*j - i = j + 5*p, 0 = 3*p + 15. List the prime factors of n(j).
3, 11
Let o be ((-10)/(-3))/((-4)/372). Let y = o + 544. What are the prime factors of y?
2, 3, 13
Let q be (-2308)/(-6)*((-52)/(-8) - -1). What are the prime factors of 4/6*(q/10 - 2)?
191
Suppose 2*d + 3*z + 617 + 174 = 0, -408 = d + 4*z. Let q = -153 - d. What are the prime factors of q?
5, 47
Suppose -295*c - 37973 = -308*c. List the prime factors of c.
23, 127
Suppose 5*r = -2*i + 24 + 7, -5*i + 4 = 2*r. Suppose r - 23 = -4*g. Suppose -3*q - 197 - 410 = -4*f, 0 = -2*f - g*q + 276. What are the prime factors of f?
2, 37
Suppose -747 = 16*l - 7*l. Let x = 129 + l. What are the prime factors of x?
2, 23
Let b(m) = -2392*m - 38. List the prime factors of b(-5).
2, 3, 1987
Let w be (-130)/30*(0 + -48). Suppose -2*b - 4*m = w - 86, -b - 67 = 5*m. Let y = 136 + b. List the prime factors of y.
79
Let z = -139 + 219. Suppose -7*t = -5*t - z. Suppose -3*s + t = -116. What are the prime factors of s?
2, 13
Suppose -6*w + 309913 = o, -3*w = 2*o - 240309 + 85342. List the prime factors of w.
3, 1913
Let z be (10/(-30))/(-4*2/(-358008)). List the prime factors of z/(-42) + (-3)/18.
5, 71
What are the prime factors of (6044/(-10))/(306/(-30) - -9 - -1)?
2, 1511
Suppose 3*f + 3 = -4*p, 17 = -p - 4*f - 0*f. Suppose 2*q - 4*h - 482 = 0, -p*h = -q - 2*h + 241. What are the prime factors of q?
241
Let s be (4/(-3))/(0 + 34/(-7497)). Let z(j) = 29*j - 3. Let d be z(-5). Let a = s + d. List the prime factors of a.
2, 73
Let i = 876 + -525. Let t = i - -186. List the prime factors of t.
3, 179
Let b(x) = -14*x + 18*x**2 + 22*x**2 + 17 - 44*x**2 + 15*x**2. What are the prime factors of b(6)?
7, 47
Suppose 2*x = -5*u + 151561, -6*u + 14*x + 181882 = 12*x. List the prime factors of u.
30313
Suppose -2*w = -7*w + 20. Suppose w*j - 8 = 2*n, -4*j - 22 = n + 2*n. List the prime factors of 202*(-5 - -2)/n.
101
Let q be 61 - (40/8)/(-2 + 3). Suppose 2*i + 101 = y, 51*y + 4*i = q*y - 523. List the prime factors of y.
107
Let u be -8 + (-2 - 28 - 2). List the prime factors of (464/u)/(4/(-460)).
2, 23, 29
What are the prime factors of ((-80)/(-10) + 2164)*(0 - -2)?
2, 3, 181
Let m(x) = -9 + 2 + 46*x + 80. List the prime factors of m(12).
5
Let v(o) = -9*o + 88. Let h be v(10). What are the prime factors of 327351/228 - h/8?
2, 359
Suppose -8*u + 217 = 153. Suppose 0 = 24*m + u*m - 27072. What are the prime factors of m?
2, 3, 47
Suppose 0 = t + 3, 0 = 3*w - 0*w + 4*t - 96. Suppose w = -5*j + j. Let i(a) = a**3 + 10*a**2 + 3*a. List the prime factors of i(j).
2, 3
Let r = -132 - -204. Suppose 2*x + r = 11*x. List the prime factors of (-2892)/(-48) + (-2)/x.
2, 3, 5
Let p be (-5 - 0) + 307 - -5. Suppose g + p = 4*g - 5*x, g + x - 97 = 0. List the prime factors of g.
3, 11
What are the prime factors of (1104/1242)/(4/80334)?
2, 4463
Let a = 82 + -81. Let d be (5 - (-1 - -5))/(a/74). Let o = 127 - d. List the prime factors of o.
53
Suppose -5*d - 157610 = -5*j, 2*j - 63046 = 42*d - 38*d. List the prime factors of j.
3, 7, 19, 79
Let o(g) = g**3 + 133*g**2 + 178*g + 115. List the prime factors of o(-129).
43717
Suppose 45*k - 784 = -4*k. Suppose k*d - 19*d + 12 = 0, -4*g + 2756 = 5*d. List the prime factors of g.
2, 3, 19
Suppose -4*g = -1128 - 20876. What are the prime factors of g?
5501
Let u(n) = 635*n + 7802. What are the prime factors of u(8)?
2, 3, 19, 113
Let g(o) = o**2 - 8*o + 1119. Let c be g(0). Let h = -727 + c. List